{"id":262,"date":"2024-02-08T10:17:52","date_gmt":"2024-02-08T09:17:52","guid":{"rendered":"https:\/\/lotalira-editions.com\/?page_id=262"},"modified":"2025-02-11T11:58:38","modified_gmt":"2025-02-11T10:58:38","slug":"lotalira","status":"publish","type":"page","link":"https:\/\/lotalira-editions.com\/index.php\/lotalira\/","title":{"rendered":"Qui est Lotalira ?"},"content":{"rendered":"<p>[et_pb_section fb_built=&#8221;1&#8243; _builder_version=&#8221;4.23.4&#8243; _module_preset=&#8221;default&#8221; background_color=&#8221;#f2f0ec&#8221; background_image=&#8221;http:\/\/lotalira-editions.com\/wp-content\/uploads\/2024\/01\/Tezza-0741-1-scaled.jpg&#8221; parallax=&#8221;on&#8221; custom_padding=&#8221;0px||37px|||&#8221; global_colors_info=&#8221;{}&#8221;][et_pb_row _builder_version=&#8221;4.23.4&#8243; _module_preset=&#8221;default&#8221; custom_margin=&#8221;|auto||316px||&#8221; global_colors_info=&#8221;{}&#8221;][et_pb_column type=&#8221;4_4&#8243; _builder_version=&#8221;4.23.4&#8243; _module_preset=&#8221;default&#8221; global_colors_info=&#8221;{}&#8221;][et_pb_text _builder_version=&#8221;4.24.0&#8243; _module_preset=&#8221;c16985e1-e0d6-4022-964d-e2bfc04fa633&#8243; header_font=&#8221;Anton|||on|||||&#8221; header_text_color=&#8221;#AE8F73&#8243; header_font_size=&#8221;100px&#8221; header_line_height=&#8221;1.15em&#8221; background_image=&#8221;http:\/\/lotalira-editions.com\/wp-content\/uploads\/2024\/01\/lotalira_logo_beige.png&#8221; background_size=&#8221;custom&#8221; background_image_width=&#8221;41%&#8221; transform_scale_tablet=&#8221;&#8221; transform_scale_phone=&#8221;&#8221; transform_scale_last_edited=&#8221;on|phone&#8221; transform_translate_tablet=&#8221;-242px|11px&#8221; transform_translate_phone=&#8221;-382px|17px&#8221; transform_translate_last_edited=&#8221;on|phone&#8221; transform_rotate_tablet=&#8221;&#8221; transform_rotate_phone=&#8221;&#8221; transform_rotate_last_edited=&#8221;on|phone&#8221; transform_skew_tablet=&#8221;&#8221; transform_skew_phone=&#8221;&#8221; transform_skew_last_edited=&#8221;on|phone&#8221; transform_origin_tablet=&#8221;&#8221; transform_origin_phone=&#8221;&#8221; transform_origin_last_edited=&#8221;on|phone&#8221; transform_styles_last_edited=&#8221;on|phone&#8221; custom_margin=&#8221;|-219px|4px|||&#8221; custom_padding=&#8221;||282px|||&#8221; header_font_size_tablet=&#8221;40px&#8221; header_font_size_phone=&#8221;24px&#8221; header_font_size_last_edited=&#8221;on|desktop&#8221; transform_styles_tablet=&#8221;&#8221; transform_styles_phone=&#8221;&#8221; global_colors_info=&#8221;{}&#8221;]<\/p>\n<h1><\/h1>\n<p>[\/et_pb_text][\/et_pb_column][\/et_pb_row][\/et_pb_section][et_pb_section fb_built=&#8221;1&#8243; _builder_version=&#8221;4.24.0&#8243; _module_preset=&#8221;default&#8221; background_color=&#8221;#f2f0ec&#8221; width=&#8221;100%&#8221; custom_padding=&#8221;|0px||||&#8221; global_colors_info=&#8221;{}&#8221;][et_pb_row column_structure=&#8221;1_2,1_2&#8243; _builder_version=&#8221;4.24.0&#8243; _module_preset=&#8221;default&#8221; global_colors_info=&#8221;{}&#8221;][et_pb_column type=&#8221;1_2&#8243; _builder_version=&#8221;4.24.0&#8243; _module_preset=&#8221;default&#8221; global_colors_info=&#8221;{}&#8221;][et_pb_text _builder_version=&#8221;4.24.0&#8243; _module_preset=&#8221;b327cbe4-b1d5-4b66-ad37-40c8f2f061ba&#8221; header_2_font=&#8221;Anton|||on|||||&#8221; header_2_text_color=&#8221;#0d232d&#8221; header_2_font_size=&#8221;70px&#8221; header_2_line_height=&#8221;1.15em&#8221; max_width=&#8221;720px&#8221; custom_margin=&#8221;|-73px||||&#8221; header_2_font_size_tablet=&#8221;57px&#8221; header_2_font_size_phone=&#8221;49px&#8221; header_2_font_size_last_edited=&#8221;on|phone&#8221; global_colors_info=&#8221;{}&#8221;]<\/p>\n<h2><span style=\"color: #df4044;\">ET un jour,<br \/>un livre<\/span><\/h2>\n<p><span style=\"color: #df4044;\"><\/span><\/p>\n<p>[\/et_pb_text][et_pb_text _builder_version=&#8221;4.24.0&#8243; _module_preset=&#8221;default&#8221; text_font=&#8221;Raleway||||||||&#8221; text_font_size=&#8221;16px&#8221; text_line_height=&#8221;2em&#8221; custom_margin=&#8221;-2px|||||&#8221; inline_fonts=&#8221;Raleway&#8221; global_colors_info=&#8221;{}&#8221;]<\/p>\n<p style=\"text-align: justify;\"><strong>Une enfant introvertie<\/strong>, des \u00e9motions \u00e0 ne plus savoir o\u00f9 les ranger, des questions qui d\u00e9bordent d&#8217;une t\u00eate trop petite pour tout contenir.<\/p>\n<p style=\"text-align: justify;\"><strong>Et un jour, un livre<\/strong>. D&#8217;autres \u00e9motions. D&#8217;autres questionnements. Mais cette fois, on les range. Petit \u00e0 petit. Entre les pages. Sur les \u00e9tag\u00e8res. Une passion est n\u00e9e.<\/p>\n<p style=\"text-align: justify;\"><strong>2016<\/strong>, <strong>une licence d&#8217;histoire<\/strong>, \u00e0 apprendre la rigueur, la recherche et l&#8217;argumentaire. Puis vient <strong>un<\/strong> <strong>master \u00e9dition<\/strong>, sp\u00e9cialis\u00e9 dans la litt\u00e9rature jeunesse \u2013 0-25 ans. Cette m\u00eame litt\u00e9rature qui m&#8217;a un jour aid\u00e9e \u00e0 tout ranger.<\/p>\n<p style=\"text-align: justify;\"><strong>2022<\/strong>, <strong>c&#8217;est le d\u00e9but de l&#8217;aventure en tant qu&#8217;ind\u00e9pendante<\/strong>, comme une \u00e9vidence. L&#8217;\u00e9vidence de celle trop attach\u00e9e \u00e0 son Sud, trop attach\u00e9e \u00e0 la pluralit\u00e9 des projets, des collaborations, des histoires.<br \/><strong><\/strong><strong><\/strong><\/p>\n<p>[\/et_pb_text][et_pb_image src=&#8221;http:\/\/lotalira-editions.com\/wp-content\/uploads\/2024\/02\/pexels-ricky-esquivel-1907785-scaled.jpg&#8221; title_text=&#8221;pexels-ricky-esquivel-1907785&#8243; _builder_version=&#8221;4.27.4&#8243; _module_preset=&#8221;default&#8221; custom_margin=&#8221;90px|||||&#8221; hover_enabled=&#8221;0&#8243; global_colors_info=&#8221;{}&#8221; force_fullwidth=&#8221;on&#8221; sticky_enabled=&#8221;0&#8243;][\/et_pb_image][\/et_pb_column][et_pb_column type=&#8221;1_2&#8243; _builder_version=&#8221;4.24.0&#8243; _module_preset=&#8221;default&#8221; global_colors_info=&#8221;{}&#8221;][et_pb_image src=&#8221;http:\/\/lotalira-editions.com\/wp-content\/uploads\/2024\/02\/pexels-lisa-fotios-1036372-scaled.jpg&#8221; title_text=&#8221;pexels-lisa-fotios-1036372&#8243; _builder_version=&#8221;4.27.4&#8243; _module_preset=&#8221;default&#8221; hover_enabled=&#8221;0&#8243; global_colors_info=&#8221;{}&#8221; force_fullwidth=&#8221;on&#8221; sticky_enabled=&#8221;0&#8243;][\/et_pb_image][et_pb_text _builder_version=&#8221;4.24.0&#8243; _module_preset=&#8221;b327cbe4-b1d5-4b66-ad37-40c8f2f061ba&#8221; header_2_font=&#8221;Anton|||on|||||&#8221; header_2_text_align=&#8221;right&#8221; header_2_text_color=&#8221;#0d232d&#8221; header_2_font_size=&#8221;70px&#8221; header_2_line_height=&#8221;1.15em&#8221; max_width=&#8221;720px&#8221; custom_margin=&#8221;41px|1px||||&#8221; header_2_font_size_tablet=&#8221;57px&#8221; header_2_font_size_phone=&#8221;49px&#8221; header_2_font_size_last_edited=&#8221;on|phone&#8221; global_colors_info=&#8221;{}&#8221;]<\/p>\n<h2><span style=\"color: #df4044;\">des projets<br \/>en pagaille<\/span><\/h2>\n<p><span style=\"color: #df4044;\"><\/span><\/p>\n<p>[\/et_pb_text][et_pb_text _builder_version=&#8221;4.24.0&#8243; _module_preset=&#8221;default&#8221; text_font=&#8221;Raleway||||||||&#8221; text_font_size=&#8221;16px&#8221; text_line_height=&#8221;2em&#8221; custom_margin=&#8221;-9px|||||&#8221; inline_fonts=&#8221;Raleway&#8221; global_colors_info=&#8221;{}&#8221;]<\/p>\n<p style=\"text-align: justify;\"><strong>\u00c0 partir de l\u00e0, tout va tr\u00e8s vite : les premiers contrats<\/strong> avec les \u00e9ditions Privat, des projets importants et incroyables avec Sophie Nanteuil, une premi\u00e8re collaboration avec Albin Michel puis Rageot, un roman jeunesse fantastique avec La Maison du Sport au F\u00e9minin, et des rencontres avec des auteur\u00b7rice\u00b7s uniques qui m&#8217;ont fait l&#8217;honneur de me confier leur manuscrit.<\/p>\n<p style=\"text-align: justify;\"><strong>Plus d&#8217;un an d&#8217;\u00e9dition ind\u00e9pendante<\/strong>, une vingtaine d&#8217;ouvrages \u00e9dit\u00e9s, une trentaine de collaborations, une multitude de rencontres.<\/p>\n<p style=\"text-align: justify;\"><strong>Mais l&#8217;\u00e9dition, c&#8217;est aussi le partage et l&#8217;enseignement<\/strong>, avec une communaut\u00e9 Instagram et TikTok. Mes premiers cours en 2022 aupr\u00e8s d&#8217;\u00e9tudiant\u00b7e\u00b7s en master \u00e9dition. Puis en licence professionnelle \u00e9dition. Mon premier encadrement de m\u00e9moire. Des enseignements donn\u00e9s, des enseignements re\u00e7us.<br \/><strong>Et beaucoup de fiert\u00e9.<\/strong><\/p>\n<p>[\/et_pb_text][\/et_pb_column][\/et_pb_row][et_pb_row column_structure=&#8221;1_2,1_2&#8243; _builder_version=&#8221;4.24.0&#8243; _module_preset=&#8221;default&#8221; global_colors_info=&#8221;{}&#8221;][et_pb_column type=&#8221;1_2&#8243; _builder_version=&#8221;4.24.0&#8243; _module_preset=&#8221;default&#8221; global_colors_info=&#8221;{}&#8221;][et_pb_text _builder_version=&#8221;4.24.0&#8243; _module_preset=&#8221;b327cbe4-b1d5-4b66-ad37-40c8f2f061ba&#8221; header_2_font=&#8221;Anton|||on|||||&#8221; header_2_text_color=&#8221;#0d232d&#8221; header_2_font_size=&#8221;70px&#8221; header_2_line_height=&#8221;1.15em&#8221; max_width=&#8221;720px&#8221; custom_margin=&#8221;1px|-73px||||&#8221; header_2_font_size_tablet=&#8221;57px&#8221; header_2_font_size_phone=&#8221;49px&#8221; header_2_font_size_last_edited=&#8221;on|phone&#8221; locked=&#8221;off&#8221; global_colors_info=&#8221;{}&#8221;]<\/p>\n<h2><span style=\"color: #df4044;\">En finalit\u00e9,<br \/>Lotalira,<br \/>c&#8217;est quoi ?<\/span><\/h2>\n<p><span style=\"color: #df4044;\"><\/span><\/p>\n<p>[\/et_pb_text][et_pb_blurb icon_placement=&#8221;left&#8221; image_icon_width=&#8221;64px&#8221; content_max_width=&#8221;100%&#8221; _builder_version=&#8221;4.24.0&#8243; _module_preset=&#8221;b62950b2-9f88-417a-a624-825d61ec2a3d&#8221; header_font=&#8221;Open Sans|700||on|||||&#8221; header_text_color=&#8221;#AE8F73&#8243; header_font_size=&#8221;12px&#8221; header_letter_spacing=&#8221;0.2em&#8221; header_line_height=&#8221;1.7em&#8221; body_font=&#8221;Raleway||||||||&#8221; body_text_color=&#8221;#000000&#8243; body_font_size=&#8221;16px&#8221; body_line_height=&#8221;2em&#8221; custom_margin=&#8221;|||-16px||&#8221; animation=&#8221;off&#8221; body_font_size_tablet=&#8221;16px&#8221; body_font_size_phone=&#8221;14px&#8221; body_font_size_last_edited=&#8221;on|desktop&#8221; border_radii_image=&#8221;on|100px|100px|100px|100px&#8221; locked=&#8221;off&#8221; inline_fonts=&#8221;ABeeZee&#8221; global_colors_info=&#8221;{}&#8221;]<\/p>\n<p style=\"text-align: justify;\"><span style=\"font-family: inherit; font-weight: normal; color: #666666;\"><strong>Lotalira<\/strong>, c&#8217;est une \u00e9ditrice ind\u00e9pendante, Laura Verg\u00e9.<\/span><\/p>\n<p style=\"text-align: justify;\"><span style=\"font-family: inherit; font-weight: normal; color: #666666;\">Comme pour beaucoup de professionnel\u00b7le\u00b7s du livre, tout d\u00e9bute par une <strong>passion<\/strong> : celle de l&#8217;imaginaire, de la libert\u00e9, d&#8217;un champ des possibles infini et de l&#8217;\u00e9vasion.<strong> Celle du livre<\/strong>. De ce qu&#8217;il offre, un ailleurs, une \u00e9chappatoire mais aussi une v\u00e9rit\u00e9. Sur soi, sur les autres, sur le monde.<\/span><\/p>\n<p style=\"text-align: justify;\"><span style=\"font-family: inherit; font-weight: normal; color: #666666;\">Et puis cette passion se transforme, \u00e9volue. Elle devient celle du <strong>partage<\/strong>, de <strong>l&#8217;entraide<\/strong>, d&#8217;un <strong>aboutissement<\/strong>.<\/span><\/p>\n<p style=\"text-align: justify;\"><span style=\"font-family: inherit; font-weight: normal; color: #666666;\"><strong>Lotalira, c&#8217;est tout \u00e7a.<\/strong> Vous aider, auteur\u00b7rice\u00b7s et maisons d&#8217;\u00e9dition, \u00e0 aller au bout de vos projets, \u00e0 les r\u00e9aliser, dans le respect de ce que vous \u00eates et de ce que vous souhaitez diffuser, partager.<\/span><span style=\"font-family: inherit; font-weight: normal; color: #666666;\"><\/span><\/p>\n<p style=\"text-align: justify;\"><span style=\"font-family: inherit; font-weight: normal; color: #666666;\">Et bient\u00f4t, <strong>Lotalira<\/strong>, ce sera aussi le moyen d&#8217;apprendre \u00e0 avancer et d\u00e9velopper son projet \u00e0 <strong>petit prix<\/strong>, et <strong>seul\u00b7e<\/strong>.<\/span><span style=\"font-family: inherit; font-weight: normal; color: #666666;\"><\/span><\/p>\n<p style=\"text-align: justify;\"><strong><span style=\"font-family: inherit; color: #666666;\">Alors, on s&#8217;\u00e9dite ?<\/span><\/strong><\/p>\n<p><span style=\"font-family: inherit;\"><\/span><\/p>\n<p>[\/et_pb_blurb][\/et_pb_column][et_pb_column type=&#8221;1_2&#8243; _builder_version=&#8221;4.24.0&#8243; _module_preset=&#8221;default&#8221; global_colors_info=&#8221;{}&#8221;][et_pb_image src=&#8221;http:\/\/lotalira-editions.com\/wp-content\/uploads\/2024\/01\/pexels-anna-tarazevich-5629220-scaled.jpg&#8221; title_text=&#8221;pexels-anna-tarazevich-5629220&#8243; _builder_version=&#8221;4.27.4&#8243; _module_preset=&#8221;default&#8221; custom_margin=&#8221;0px|||||&#8221; hover_enabled=&#8221;0&#8243; locked=&#8221;off&#8221; global_colors_info=&#8221;{}&#8221; force_fullwidth=&#8221;on&#8221; sticky_enabled=&#8221;0&#8243;][\/et_pb_image][\/et_pb_column][\/et_pb_row][\/et_pb_section][et_pb_section fb_built=&#8221;1&#8243; admin_label=&#8221;Footer&#8221; _builder_version=&#8221;4.24.0&#8243; _module_preset=&#8221;default&#8221; background_color=&#8221;#f2f0ec&#8221; custom_margin=&#8221;-58px|||||&#8221; saved_tabs=&#8221;all&#8221; collapsed=&#8221;on&#8221; global_colors_info=&#8221;{}&#8221;][et_pb_row _builder_version=&#8221;4.17.4&#8243; _module_preset=&#8221;default&#8221; global_colors_info=&#8221;{}&#8221;][et_pb_column type=&#8221;4_4&#8243; _builder_version=&#8221;4.17.4&#8243; _module_preset=&#8221;default&#8221; global_colors_info=&#8221;{}&#8221;][et_pb_text _builder_version=&#8221;4.17.6&#8243; _dynamic_attributes=&#8221;content&#8221; _module_preset=&#8221;4c43b4b6-66bf-432d-959a-705bda24a650&#8243; text_font=&#8221;Raleway|500|||||||&#8221; text_text_color=&#8221;#0D232D&#8221; text_line_height=&#8221;1.65em&#8221; text_orientation=&#8221;center&#8221; header_font_size_tablet=&#8221;55px&#8221; header_font_size_last_edited=&#8221;off|desktop&#8221; text_orientation_tablet=&#8221;left&#8221; text_orientation_phone=&#8221;&#8221; text_orientation_last_edited=&#8221;on|tablet&#8221; global_colors_info=&#8221;{}&#8221;]@ET-DC@eyJkeW5hbWljIjp0cnVlLCJjb250ZW50IjoiY3VycmVudF9kYXRlIiwic2V0dGluZ3MiOnsiYmVmb3JlIjoiQ29weXJpZ2h0ICZjb3B5OyAiLCJhZnRlciI6IkRpdmkiLCJkYXRlX2Zvcm1hdCI6ImN1c3RvbSIsImN1c3RvbV9kYXRlX2Zvcm1hdCI6IlkgIn19@[\/et_pb_text][\/et_pb_column][\/et_pb_row][\/et_pb_section]<\/p>\n","protected":false},"excerpt":{"rendered":"<p>ET un jour,un livre Une enfant introvertie, des \u00e9motions \u00e0 ne plus savoir o\u00f9 les ranger, des questions qui d\u00e9bordent d&#8217;une t\u00eate trop petite pour tout contenir. Et un jour, un livre. D&#8217;autres \u00e9motions. D&#8217;autres questionnements. Mais cette fois, on les range. Petit \u00e0 petit. Entre les pages. Sur les \u00e9tag\u00e8res. Une passion est n\u00e9e. [&hellip;]<\/p>\n","protected":false},"author":1,"featured_media":0,"parent":0,"menu_order":0,"comment_status":"closed","ping_status":"closed","template":"","meta":{"_et_pb_use_builder":"on","_et_pb_old_content":"","_et_gb_content_width":"","_uf_show_specific_survey":0,"_uf_disable_surveys":false,"footnotes":""},"class_list":["post-262","page","type-page","status-publish","hentry"],"aioseo_notices":[],"_links":{"self":[{"href":"https:\/\/lotalira-editions.com\/index.php\/wp-json\/wp\/v2\/pages\/262","targetHints":{"allow":["GET"]}}],"collection":[{"href":"https:\/\/lotalira-editions.com\/index.php\/wp-json\/wp\/v2\/pages"}],"about":[{"href":"https:\/\/lotalira-editions.com\/index.php\/wp-json\/wp\/v2\/types\/page"}],"author":[{"embeddable":true,"href":"https:\/\/lotalira-editions.com\/index.php\/wp-json\/wp\/v2\/users\/1"}],"replies":[{"embeddable":true,"href":"https:\/\/lotalira-editions.com\/index.php\/wp-json\/wp\/v2\/comments?post=262"}],"version-history":[{"count":26,"href":"https:\/\/lotalira-editions.com\/index.php\/wp-json\/wp\/v2\/pages\/262\/revisions"}],"predecessor-version":[{"id":964,"href":"https:\/\/lotalira-editions.com\/index.php\/wp-json\/wp\/v2\/pages\/262\/revisions\/964"}],"wp:attachment":[{"href":"https:\/\/lotalira-editions.com\/index.php\/wp-json\/wp\/v2\/media?parent=262"}],"curies":[{"name":"wp","href":"https:\/\/api.w.org\/{rel}","templated":true}]}}